e -h = 2*h + 9. What is the remainder when (1 + -6)/((-2)/4) is divided by k(h)?
4
Let y(s) = 2*s + 3. What is the remainder when 26 is divided by y(3)?
8
Suppose 0 = l + 4*k - 13, -19 = -3*l - 4*k + 12. Suppose 4 = -j + 2*b, 2*b + 0*b = 2*j + 2. Calculate the remainder when l is divided by j.
1
Suppose -12 = -2*i + 2. Let n = -3 - 6. Calculate the remainder when i is divided by (-4)/6*n/2.
1
Suppose 0 = 2*q - 0*q - 138. Calculate the remainder when q is divided by 18.
15
Suppose -2*o - t - 8 = -4*o, -3*t - 18 = -5*o. What is the remainder when ((-2)/o)/(6/(-846)) is divided by 16?
15
Suppose 2*m - d - 45 = -2*d, d = 2*m - 51. What is the remainder when 46 is divided by m?
22
Let d be 6/(-8) + 38/8. Suppose d*a - a = 51. What is the remainder when a is divided by 5?
2
Suppose -4*a - 72 = -4*m, -5*m - 5*a + 25 = -105. Calculate the remainder when m is divided by 12.
10
Let j(r) = -2*r**3 + r**2 + 1. Let o(i) = i**2 + 9*i + 14. Let x be o(-7). Suppose z = x, -3*g - 4*z = g - 24. What is the remainder when j(-2) is divided by g?
3
Let u = -9 - -6. Let d be (-5 + 3)*u/2. Suppose 0 = -d*o + i + 2 + 40, -5*i = -4*o + 56. What is the remainder when o is divided by 5?
4
Let n(g) = g. Let b be n(-1). Let o(q) = -18*q + 5. Calculate the remainder when o(-2) is divided by 23 + (-3 - b/1).
20
Let k be (-2 + -3)*(-16)/(-10). Suppose -33 = -3*p + g + 8, 0 = -4*p - 3*g + 72. Calculate the remainder when p is divided by ((-6)/k)/((-6)/(-72)).
6
Let r(y) = y + 3 + 5*y - 1. Suppose 0 = -17*f + 16*f + 40. What is the remainder when f is divided by r(2)?
12
Suppose -5*y + b - 95 = -10*y, 5*y + 3*b = 95. What is the remainder when 93 is divided by y?
17
Let j be 2*3/4*2. Let d be 8/(-6) - (-46)/3. Suppose v - j = d. Calculate the remainder when v is divided by 9.
8
Let j = -4 - -4. Let l(t) = t**2 + t - 3. Let u be l(j). Calculate the remainder when ((-20)/(-6))/((-1)/u) is divided by 4.
2
Let j = 4 + -7. What is the remainder when j/(-6)*(49 + 1) is divided by 14?
11
Let u = -73 - -104. Suppose t - 6*n = -n - 14, 3*t = -n + 38. What is the remainder when u is divided by t?
9
Let t be (-2)/8 + 35/(-4). What is the remainder when (-65)/(-3) - 3/t is divided by (-2)/4 - (-50)/4?
10
Calculate the remainder when 76 is divided by -6*(2/12 - 2).
10
Suppose -9 = -4*i - 5*q, 5 = 4*q - 15. Calculate the remainder when 53 is divided by i/(-2) - (-80)/5.
17
Let n(a) = -a - 1. Let v be n(5). Let s = 10 + v. Suppose -s*m + 72 = -2*z, -3*m + 5*z = 2*m - 95. What is the remainder when 50 is divided by m?
16
Let j = 6 - 12. Calculate the remainder when 27 is divided by -45*-2*(-1)/j.
12
Let w = -8 + 8. Calculate the remainder when (-1 - w)*-1*1 is divided by 1.
0
Let g = 13 - 8. Suppose 20 = g*y - 40. Calculate the remainder when 47 is divided by y.
11
Let k(i) = -i**3 + 3*i**2 + 5*i - 5. Let t be k(4). Let c(y) = -3*y - 4. Calculate the remainder when c(-4) is divided by ((-1)/3)/(t/9).
2
Let g(l) = l**2 - l + 4. Let r = 0 - 0. Let h be g(r). Suppose 8*w - 64 = h*w. Calculate the remainder when w is divided by 6.
4
Let h = -5 + 7. Suppose -3*l - 2*f + 159 = -0*f, -2*f = -h*l + 116. Let t = -178 - -197. What is the remainder when l is divided by t?
17
Let o(k) = -k**2 + 22. What is the remainder when o(0) is divided by ((-8)/6)/(14/(-63))?
4
Let p = -15 + 81. What is the remainder when p is divided by 34?
32
Let v(m) = -m + 22. Let t = -5 - -5. What is the remainder when v(t) is divided by 12?
10
Let y = 8 + -5. Suppose g - y - 2 = 0. Suppose 0*t = -3*b + g*t + 9, 36 = 3*b + 4*t. What is the remainder when b is divided by 3?
2
Let p(o) = -6*o + 6. Let t be p(6). Let k = -15 - t. What is the remainder when 44 is divided by k?
14
Suppose p = -3*p + 112. What is the remainder when p is divided by 10?
8
Suppose 5*h = 10 + 25. Suppose 0 = 2*y - 11 - 11. Calculate the remainder when y is divided by h.
4
Let t be (-2 - -4) + 1 + 2. Suppose 3*h + i = t + 19, 2*i - 20 = -2*h. Suppose -m - m + 38 = 0. Calculate the remainder when m is divided by h.
5
Let c(u) = -u**2 - 5*u - 3. Calculate the remainder when c(-3) is divided by (1 - 0 - (-1 + 1))/1.
0
Let o(u) = 46*u**2 - 2*u + 2. Calculate the remainder when o(1) is divided by 16.
14
Suppose 4*a - 31 = r, -a + 3*r - 4*r = -14. Suppose -76 = 5*n - a*n. What is the remainder when 73 is divided by n?
16
What is the remainder when ((-4)/(-10))/((-368)/370 - -1) is divided by 19?
17
Suppose -3*o + o = -4*u + 76, u + 5*o + 3 = 0. Let a(j) = -15 + 64 + j**3 + 0*j + j. Calculate the remainder when a(0) is divided by u.
15
Suppose 5*r = -k + 95, k = -6*r + 2*r + 97. Let s = 174 - k. Calculate the remainder when s is divided by 24.
21
Let c = -4 + 9. Suppose 3*g - 4*g = -4*b - 57, 0 = -c*g - 3*b + 170. What is the remainder when g is divided by 4 - (-6 - (3 + 0))?
11
Let s be (-105)/(-12) - (-2)/8. Suppose -a = 2*a - s. Suppose -5*g - 200 = -5*u, 0 = a*u + 5*g + 74 - 218. What is the remainder when u is divided by 15?
13
Let s = 67 - 45. Let y = 11 - -12. Let q = y - 11. What is the remainder when s is divided by q?
10
Calculate the remainder when 27 is divided by (-5 + 1)*12/(-8).
3
Let x(b) = -b**3 - b + 36. Let g be x(0). Let c = 66 - g. Calculate the remainder when c is divided by 11.
8
Let d = -14 - -34. Let n = 29 - d. Calculate the remainder when 33 is divided by n.
6
Let b(v) = v**3 - 3*v**2 - 2*v - 5. Let d be b(4). Suppose -d*o = -16 - 23. Let t(s) = 3*s + 1. Calculate the remainder when o is divided by t(2).
6
Let k = 146 - 65. Calculate the remainder when k is divided by 21.
18
Suppose 6*c = 2*c - 20. Let d = 13 + c. Suppose 3*w - 7 - 2 = 0. What is the remainder when d is divided by w?
2
Suppose -4*t = 2*m - 12, -t + 40 = 4*m + 3*t. Let p(d) = d**2 + 5. Calculate the remainder when m is divided by p(0).
4
Suppose -7*b - 5*b + 96 = 0. Suppose 60 = 4*c - 0. Let o = c - b. Calculate the remainder when o is divided by 4.
3
Suppose -5*g - 470 = 5*d, 4*d + 100 = -g + d. Let v = 8 - g. Calculate the remainder when v is divided by 25.
24
Let i = -2 + 1. Calculate the remainder when 13 is divided by (i/(-2))/((-1)/(-14)).
6
Suppose m - 3*g = -m - 1, 0 = m + 5*g - 6. What is the remainder when m*-72*1/(-2) is divided by ((-19)/(-2))/(1/2)?
17
Let p = -138 + 238. Suppose -5*i + p = -i. Let r = -14 - -27. Calculate the remainder when i is divided by r.
12
Let h(j) = -j - 1. Let i be h(-6). Let t = i - 5. Suppose 3*c - 36 + t = 0. What is the remainder when 22 is divided by c?
10
Suppose 6*a = -4*v + 2*a + 112, 5*v + 3*a - 134 = 0. Calculate the remainder when v is divided by 14.
11
Let k(d) = d + 10. Suppose 7*p = 3*p - 3*u + 5, -4*u = 4*p - 4. Calculate the remainder when p is divided by k(-8).
0
Suppose -5*k - 2*v + 41 = 0, -v + 1 = k + 3*v. Suppose 24 = c + 2*s + 7, 17 = c - 4*s. Calculate the remainder when c is divided by k.
8
Suppose r = 3 + 11. Suppose -r + 42 = 2*f. Suppose -76 = -2*b + 2*g - 4*g, -4*b = 3*g - 155. What is the remainder when b is divided by f?
13
Calculate the remainder when 48 is divided by 11 + (8/12)/((-6)/(-27)).
6
Let u = -5 + 9. Suppose n = w + 7, -n + 4*w - 21 = -u*n. What is the remainder when 19 is divided by n?
5
Suppose -f + 24 = -43. What is the remainder when f is divided by 24?
19
Suppose -59 + 7 = g. Let n = 75 + g. What is the remainder when n is divided by 8?
7
Let q(a) = -a**3 - 7*a**2 + a + 7. Let k be q(-7). Suppose k = t - 5*t + 56. What is the remainder when 26 is divided by t?
12
Let o be ((-4)/(-6))/((-2)/(-15)). Suppose -7*a + 3*a = o*u - 59, -4*a = 2*u - 14. Calculate the remainder when 28 is divided by u.
13
What is the remainder when (-3 + 2)/((-1)/(321/3)) is divided by 22?
19
Suppose -2*z = 12 - 2. Let w = -2 - z. Calculate the remainder when 11 is divided by w.
2
Let f(x) = -x - 6. Calculate the remainder when f(-13) is divided by 3.
1
Suppose -9*u = -0*u - 126. What is the remainder when u is divided by 4?
2
Suppose 0*m + 3*m - u = 24, 3*u + 44 = 5*m. Calculate the remainder when 13 is divided by m.
6
Let h(b) = 20*b - 3. What is the remainder when h(3) is divided by ((-4)/(-8))/(1/30)?
12
Suppose 0 = -5*l + 11 + 44. What is the remainder when 75 is divided by l?
9
Suppose 0*k + 270 = 6*k. Let t(p) = -p**2 - p + 15. Let n be t(0). Suppose n = -5*d + k. What is the remainder when 11 is div